{"id":20,"date":"2025-01-17T23:45:27","date_gmt":"2025-01-17T22:45:27","guid":{"rendered":"https:\/\/mbnutricion.es\/?page_id=20"},"modified":"2025-03-11T19:32:44","modified_gmt":"2025-03-11T18:32:44","slug":"acerca-de-mi","status":"publish","type":"page","link":"https:\/\/mbnutricion.es\/acerca-de-mi","title":{"rendered":"Acerca de m\u00ed"},"content":{"rendered":"\n<p style=\"font-size:42px;font-style:normal;font-weight:700\">Acerca de m\u00ed<\/p>\n\n\n\n<p>Hola! Soy Michelle, mam\u00e1, nutricionista y economista. La vida me ha llevado por muchos caminos diferentes siempre confirm\u00e1ndome la pasi\u00f3n que tengo por ayudar a la gente a llevar una vida m\u00e1s saludable.<\/p>\n\n\n\n<figure class=\"wp-block-image size-large\"><img loading=\"lazy\" decoding=\"async\" width=\"1024\" height=\"680\" src=\"https:\/\/mbnutricion.es\/wp-content\/uploads\/2025\/01\/Michelle_Bio-1024x680.jpg\" alt=\"\" class=\"wp-image-180\" srcset=\"https:\/\/mbnutricion.es\/wp-content\/uploads\/2025\/01\/Michelle_Bio-1024x680.jpg 1024w, https:\/\/mbnutricion.es\/wp-content\/uploads\/2025\/01\/Michelle_Bio-300x199.jpg 300w, https:\/\/mbnutricion.es\/wp-content\/uploads\/2025\/01\/Michelle_Bio-768x510.jpg 768w, https:\/\/mbnutricion.es\/wp-content\/uploads\/2025\/01\/Michelle_Bio-1536x1021.jpg 1536w, https:\/\/mbnutricion.es\/wp-content\/uploads\/2025\/01\/Michelle_Bio.jpg 1547w\" sizes=\"auto, (max-width: 1024px) 100vw, 1024px\" \/><\/figure>\n\n\n\n<p>Hice mis estudios en Nutrici\u00f3n en M\u00e9xico, Espa\u00f1a, Reino Unido y Estados Unidos, mi misi\u00f3n es ayudarte a quitar la complicaci\u00f3n de una alimentaci\u00f3n saludable y disfrutar el camino hacia el cambio de h\u00e1bitos.<br><\/p>\n\n\n\n<p>Me encantan los retos y encontrar soluciones a problemas aunque estas no sean intuitivas. Me considero una persona en constante evoluci\u00f3n, nunca puedo estar quieta lo que me lleva constantemente a investigar y leer cosas nuevas sobre esta linda profesi\u00f3n que es la Nutrici\u00f3n Cl\u00ednica.<br><\/p>\n\n\n\n<p>Para m\u00ed lo m\u00e1s importante es c\u00f3mo te sientes y te percibes en tu entorno y actividades cotidianas. Entiendo y he visto como cada persona es completamente \u00fanica y c\u00f3mo tal, me gusta personificar mis planes para que se ajusten exactamente a lo que necesitas.<br><\/p>\n\n\n\n<p>Tengo conocimientos de herramientas pr\u00e1cticas para ayudarte a cambiar tu estilo de vida, formaci\u00f3n en nutrici\u00f3n funcional para que encuentres salud cualquiera que sea tu talla y forma de cuerpo.<br><\/p>\n\n\n\n<p>Entiendo la nutrici\u00f3n como algo hol\u00edstico, no solamente aislado a la comida. Es todo aquello en nuestro entorno que nos entra por los cinco sentidos y nos hace ser y actuar como lo hacemos. Con este enfoque en mente te ayudar\u00e9 a mejorar tambi\u00e9n tus h\u00e1bitos de sue\u00f1o, ejercicio y sociales.<\/p>\n\n\n\n<div style=\"height:17px\" aria-hidden=\"true\" class=\"wp-block-spacer\"><\/div>\n\n\n\n<div class=\"wp-block-group alignfull has-background\" style=\"background-color:#f6f4eb\"><div class=\"wp-block-group__inner-container is-layout-constrained wp-block-group-is-layout-constrained\">\n<div class=\"wp-block-columns is-layout-flex wp-container-core-columns-is-layout-28f84493 wp-block-columns-is-layout-flex\">\n<div class=\"wp-block-column is-vertically-aligned-stretch is-layout-flow wp-block-column-is-layout-flow\">\n<div class=\"wp-block-columns is-layout-flex wp-container-core-columns-is-layout-28f84493 wp-block-columns-is-layout-flex\">\n<div class=\"wp-block-column is-layout-flow wp-block-column-is-layout-flow\" style=\"flex-basis:66.66%\">\n<div style=\"height:29px\" aria-hidden=\"true\" class=\"wp-block-spacer\"><\/div>\n\n\n\n<p style=\"font-size:32px;font-style:normal;font-weight:700;line-height:1.3\">Cont\u00e1ctame para que nos conozcamos y comiences este lindo camino hacia la salud.<\/p>\n\n\n\n<div class=\"wp-block-buttons alignfull is-content-justification-left is-layout-flex wp-container-core-buttons-is-layout-fc4fd283 wp-block-buttons-is-layout-flex\">\n<div class=\"wp-block-button has-custom-width wp-block-button__width-75\"><a class=\"wp-block-button__link wp-element-button\" href=\"https:\/\/mbnutricion.es\/contacto\">\u00a1Escr\u00edbeme!<\/a><\/div>\n<\/div>\n\n\n\n<div style=\"height:23px\" aria-hidden=\"true\" class=\"wp-block-spacer\"><\/div>\n<\/div>\n\n\n\n<div class=\"wp-block-column is-layout-flow wp-block-column-is-layout-flow\" style=\"flex-basis:33.33%\"><\/div>\n<\/div>\n<\/div>\n<\/div>\n<\/div><\/div>\n\n\n\n<p><\/p>\n","protected":false},"excerpt":{"rendered":"<p>Acerca de m\u00ed Hola! Soy Michelle, mam\u00e1, nutricionista y economista. La vida me ha llevado por muchos caminos diferentes siempre confirm\u00e1ndome la pasi\u00f3n que tengo por ayudar a la gente a llevar una vida m\u00e1s saludable. Hice mis estudios en Nutrici\u00f3n en M\u00e9xico, Espa\u00f1a, Reino Unido y Estados Unidos, mi misi\u00f3n es ayudarte a quitar<a class=\"more-link\" href=\"https:\/\/mbnutricion.es\/acerca-de-mi\">Continue reading <span class=\"screen-reader-text\">&#8220;Acerca de m\u00ed&#8221;<\/span><\/a><\/p>\n","protected":false},"author":2,"featured_media":0,"parent":0,"menu_order":0,"comment_status":"closed","ping_status":"closed","template":"","meta":{"footnotes":""},"class_list":["post-20","page","type-page","status-publish","hentry","entry"],"_links":{"self":[{"href":"https:\/\/mbnutricion.es\/index.php?rest_route=\/wp\/v2\/pages\/20","targetHints":{"allow":["GET"]}}],"collection":[{"href":"https:\/\/mbnutricion.es\/index.php?rest_route=\/wp\/v2\/pages"}],"about":[{"href":"https:\/\/mbnutricion.es\/index.php?rest_route=\/wp\/v2\/types\/page"}],"author":[{"embeddable":true,"href":"https:\/\/mbnutricion.es\/index.php?rest_route=\/wp\/v2\/users\/2"}],"replies":[{"embeddable":true,"href":"https:\/\/mbnutricion.es\/index.php?rest_route=%2Fwp%2Fv2%2Fcomments&post=20"}],"version-history":[{"count":13,"href":"https:\/\/mbnutricion.es\/index.php?rest_route=\/wp\/v2\/pages\/20\/revisions"}],"predecessor-version":[{"id":249,"href":"https:\/\/mbnutricion.es\/index.php?rest_route=\/wp\/v2\/pages\/20\/revisions\/249"}],"wp:attachment":[{"href":"https:\/\/mbnutricion.es\/index.php?rest_route=%2Fwp%2Fv2%2Fmedia&parent=20"}],"curies":[{"name":"wp","href":"https:\/\/api.w.org\/{rel}","templated":true}]}}